inder when 2515 is divided by 2456.
59
What is the remainder when 9985599 is divided by 232223?
10
Calculate the remainder when 5482793 is divided by 2741368.
57
Calculate the remainder when 8209094 is divided by 530.
454
Calculate the remainder when 255747 is divided by 127820.
107
Calculate the remainder when 771514 is divided by 2408.
954
Calculate the remainder when 15011972 is divided by 333.
332
What is the remainder when 754135 is divided by 17?
15
What is the remainder when 1444253 is divided by 721911?
431
Calculate the remainder when 12830 is divided by 436.
186
What is the remainder when 2117344 is divided by 3543?
2173
What is the remainder when 3394727 is divided by 7396?
7359
What is the remainder when 5880990 is divided by 226?
18
What is the remainder when 106149108 is divided by 168?
156
What is the remainder when 2460792 is divided by 2219?
2140
What is the remainder when 295366 is divided by 6283?
65
What is the remainder when 5042860 is divided by 23?
18
What is the remainder when 9164714 is divided by 777?
776
Calculate the remainder when 9004059 is divided by 2403.
18
Calculate the remainder when 97666 is divided by 47520.
2626
What is the remainder when 12183 is divided by 5680?
823
Calculate the remainder when 23766086 is divided by 85183.
29
Calculate the remainder when 1467227 is divided by 16.
11
Calculate the remainder when 58544 is divided by 3616.
688
Calculate the remainder when 4621813557 is divided by 6993.
6990
Calculate the remainder when 352254 is divided by 515.
509
What is the remainder when 5002610 is divided by 50?
10
What is the remainder when 19079988 is divided by 3665?
3663
Calculate the remainder when 107392 is divided by 1497.
1105
What is the remainder when 1636985 is divided by 21?
14
Calculate the remainder when 191615 is divided by 2292.
1379
What is the remainder when 367594 is divided by 33395?
249
Calculate the remainder when 50291 is divided by 492.
107
Calculate the remainder when 475412 is divided by 2041.
1900
What is the remainder when 8456650 is divided by 125?
25
Calculate the remainder when 145317 is divided by 1690.
1667
What is the remainder when 338814276 is divided by 261?
258
Calculate the remainder when 17897007 is divided by 245.
2
Calculate the remainder when 4550658 is divided by 282.
24
What is the remainder when 937158 is divided by 234255?
138
What is the remainder when 20878778 is divided by 3288?
3266
What is the remainder when 46766 is divided by 4365?
3116
What is the remainder when 60505 is divided by 19914?
763
Calculate the remainder when 32138 is divided by 5265.
548
Calculate the remainder when 626326203 is divided by 102.
99
Calculate the remainder when 667186 is divided by 333510.
166
What is the remainder when 66154 is divided by 120?
34
What is the remainder when 373631 is divided by 41502?
113
Calculate the remainder when 3947799 is divided by 3947704.
95
What is the remainder when 338046 is divided by 104?
46
What is the remainder when 1498410764 is divided by 1671?
1670
Calculate the remainder when 2123432 is divided by 77.
3
Calculate the remainder when 44331604 is divided by 5973.
5971
Calculate the remainder when 19923 is divided by 1988.
43
Calculate the remainder when 904500 is divided by 5797.
168
Calculate the remainder when 1379739 is divided by 153293.
102
Calculate the remainder when 1475670 is divided by 61486.
6
What is the remainder when 247178 is divided by 246720?
458
What is the remainder when 17970 is divided by 5747?
729
Calculate the remainder when 39440879 is divided by 1527.
1523
Calculate the remainder when 939168 is divided by 220.
208
Calculate the remainder when 509246 is divided by 169491.
773
Calculate the remainder when 197920014 is divided by 795.
789
Calculate the remainder when 1140820 is divided by 23.
20
What is the remainder when 1720335 is divided by 1719996?
339
What is the remainder when 643197 is divided by 168?
93
Calculate the remainder when 1496099 is divided by 186804.
1667
What is the remainder when 4192168 is divided by 41?
0
Calculate the remainder when 1384662 is divided by 33770.
92
Calculate the remainder when 2213971 is divided by 513.
376
Calculate the remainder when 14800 is divided by 444.
148
Calculate the remainder when 5488175 is divided by 118.
113
Calculate the remainder when 45410 is divided by 6484.
22
Calculate the remainder when 2504666 is divided by 747.
722
Calculate the remainder when 400605 is divided by 18204.
117
Calculate the remainder when 612329 is divided by 18552.
113
What is the remainder when 26930 is divided by 4?
2
Calculate the remainder when 278533 is divided by 3091.
343
Calculate the remainder when 67901 is divided by 116.
41
What is the remainder when 27620 is divided by 159?
113
Calculate the remainder when 91043 is divided by 782.
331
What is the remainder when 918602 is divided by 424?
218
What is the remainder when 331342 is divided by 55219?
28
Calculate the remainder when 79680469 is divided by 220.
209
Calculate the remainder when 282806448 is divided by 95.
93
What is the remainder when 620725 is divided by 38727?
1093
Calculate the remainder when 1036213 is divided by 1081.
615
Calculate the remainder when 1093744 is divided by 241.
86
What is the remainder when 335959 is divided by 273?
169
Calculate the remainder when 1489134 is divided by 89.
75
What is the remainder when 13391 is divided by 4348?
347
Calculate the remainder when 1569842 is divided by 877.
12
What is the remainder when 20240 is divided by 20153?
87
What is the remainder when 198073 is divided by 4311?
4078
What is the remainder when 47516424 is divided by 23758195?
34
What is the remainder when 49115 is divided by 1434?
359
What is the remainder when 2807132 is divided by 1403552?
28
Calculate the remainder when 44386 is divided by 20645.
3096
Calculate the remainder when 128933388 is divided by 1071.
1053
What is the remainder when 2360507 is divided by 688?
667
What is the remainder when 120008 is divided by 2859?
2789
What is the remainder when 1862963 is divided by 99?
80
Calculate the remainder when 20220 is divided by 406.
326
Calculate the remainder when 2336581509 is divided by 1784.
1781
Calculate the remainder when 37712 is divided by 5441.
5066
Calculate the remainder when 479440727 is divided by 395.
392
Calculate the remainder when 55078908 is divided by 18359626.
30
Calculate the remainder when 71823750 is divided by 49.
40
What is the remainder when 522182 is divided by 3868?
2
Calculate the remainder when 3434418 is divided by 17612.
78
What is the remainder when 81902 is divided by 40888?
126
What is the remainder when 2396166 is divided by 576?
6
What is the remainder when 5674395 is divided by 251?
38
Calculate the remainder when 4975 is divided by 4829.
146
Calculate the remainder when 603045 is divided by 5167.
3673
What is the remainder when 12070290 is divided by 388?
386
Calculate the remainder when 126439 is divided by 230.
169
What is the remainder when 80588 is divided by 80218?
370
Calculate the remainder when 2758429 is divided by 32.
29
What is the remainder when 145668762 is divided by 334?
6
Calculate the remainder when 16620214 is divided by 32.
22
What is the remainder when 6034207 is divided by 36?
31
What is the remainder when 420777 is divided by 140246?
39
Calculate the remainder when 253556 is divided by 1469.
888
Calculate the remainder when 10310240 is divided by 935.
930
Calculate the remainder when 1036515 is divided by 1997.
72
Calculate the remainder when 137051537 is divided by 76.
53
Calculate the remainder when 7579795 is divided by 3100.
295
Calculate the remainder when 766643919 is divided by 112.
111
What is the remainder when 479178 is divided by 55?
18
Calculate the remainder when 8424414 is divided by 936040.
54
Calculate the remainder when 14261850 is divided by 145529.
8
Calculate the remainder when 35321 is divided by 35.
6
What is the remainder when 759217 is divided by 570?
547
What is the remainder when 88854 is divided by 44413?
28
Calculate the remainder when 22229 is divided by 5049.
2033
What is the remainder when 3170459 is divided by 1225?
159
Calculate the remainder when 970125 is divided by 484563.
999
Calculate the remainder 